= w**3 + 8*w**2 - 11*w - 12. Calculate h(r).
6
Let g(l) = -l + 5. Let s(k) = k + 6. Let a be s(-3). Suppose -a + 48 = 4*u + 5*d, -2*u - 2*d + 20 = 0. Let f = u + -9. Calculate g(f).
9
Let k be (-1968)/52 - 8/52. Let o = k - -36. Let m(b) = b**2 + 3*b + 2. Determine m(o).
0
Let v(r) = -r**3 + 5*r**2 + r - 1. Let m be v(6). Let t = -19 - m. Let c = -8 + t. Let i(j) = j**2 - 3*j - 2. Give i(c).
2
Let n(y) be the third derivative of 0*y - 1/3*y**3 - 8*y**2 + 1/6*y**4 + 0. Determine n(2).
6
Let n(g) = g**3 - 4*g**2 - 2. Let b(d) be the third derivative of -d**4/12 - 2*d**3/3 + 6*d**2. Let w be b(-4). What is n(w)?
-2
Let w = -53 + 55. Suppose 2*r - 3*c + 16 = 4*r, 4*r - 2*c = 0. Let k(v) = -v**r + 5*v**w - 5*v**2 + 2 + 6*v. Calculate k(6).
2
Let s(o) = -2*o - 1. Suppose -b - p = 3, -p + 2 = -2*p. Let w be s(b). Let y(u) = 6 + 3*u**2 - 3*u + 4*u - u**3 - w. Calculate y(4).
-7
Let n be (-1)/7 + (-3)/(-21). Let y be 0 + (5 - (3 + -1)). Let r(p) = 2*p**2 + 6 + 0*p**y + p - p**2 + p**3 + n*p**2. Determine r(0).
6
Let s(t) be the first derivative of t**3/3 - 11*t**2/2 - 11*t + 59. What is s(12)?
1
Suppose -l = -2*l. Let g(q) = 4*q + 0*q + q**2 + 6 + l*q. Let t(w) = 2*w**3 + 2*w**2 - w + 1. Let r be t(-2). What is g(r)?
11
Let q(s) = s + 12. Let f = -23 - -32. Let a be ((-66)/(-4))/(f/12). Let n = 16 - a. What is q(n)?
6
Let b(t) be the third derivative of 1/360*t**6 + 4/3*t**3 + 2*t**2 + 0 + 1/12*t**4 + 1/40*t**5 + 0*t. Let q(y) be the first derivative of b(y). Give q(-4).
6
Let j(m) = m**2 - 10*m - 11. Let a be ((-30)/45)/((-4)/(-198)*-3). Suppose 11*i - 10*i = a. Give j(i).
0
Let h(r) = -r**3 - 4*r**2. Suppose 92 = -31*q - 1. Calculate h(q).
-9
Suppose 6*l - 37 - 35 = 0. Suppose 0 = -13*r + l*r - 2. Let t(j) = -j. Determine t(r).
2
Suppose -2*h = -3*h + 2. Let n(w) = -3*w - w**h + 2 + 4 - 1. Let j be -2 + 9/(-2 - 1). What is n(j)?
-5
Suppose -243*k = -220*k - 46. Let o(s) be the first derivative of 12*s + 1/3*s**3 - 4 + 0*s**k + 1/4*s**4. Give o(0).
12
Let b(g) = g**2 - 2. Let n(p) = -12*p + 2. Let l be n(0). Determine b(l).
2
Let c = -240 + 242. Let u(w) be the second derivative of 1/2*w**3 + 4*w + 3*w**c + 0. Give u(-4).
-6
Let v(z) = 0*z**3 + 3*z - 2 + z**3 + z**3 - 4*z**3. Let u(x) = -x - 2. Let l be u(-3). Let o be v(l). Let c(p) = 14*p**2 + p. Calculate c(o).
13
Suppose -9 = 2*i - 15. Let p(x) = -5*x**2 + 3 + 79*x + 78*x - x**i - 157*x. What is p(-5)?
3
Let h(c) = c - 4. Let o(p) = -p + 7. Let l(n) = -5*h(n) - 3*o(n). Let t be l(9). Let b = t + 26. Let m(q) = -q**3 + 6*q**2 + 8*q + 3. Calculate m(b).
10
Let n(i) = -5*i. Let h = 6 - 3. Let m(p) = -545 + 545 + 0*p - p. Let j(f) = h*m(f) - n(f). Determine j(5).
10
Suppose -4*t + 3*n = -2*n + 1, -2*n = -2*t. Let u(r) = 5*r. Determine u(t).
5
Let f(s) = -s**3 - 4*s**2 - s + 1. Let v(u) = -u**3 - 10*u**2 + u + 6. Let z(m) = -3*m + 29. Let n be z(13). Let k be v(n). Calculate f(k).
5
Let h(d) = 2*d**2 - 2*d + 1. Let y = -1233 + 1231. Give h(y).
13
Let n(z) = z - 4. Let v = -396 + 394. Give n(v).
-6
Let t(s) = -5*s**2 - 12*s. Let x(z) = z**2 + z + 1. Let d(q) = -t(q) - 6*x(q). Let n be (-3)/(12/8) - -9. Let k be n - 0 - (-1 - -2). Determine d(k).
-6
Let r be (-344)/43*(-1)/((-4)/(-3)). Let c(b) = 1 - 1 + 4 - 1 - b. Give c(r).
-3
Let o(n) = 2*n**2 - 14. Let d(l) = -3*l**2 + 17. Let t(m) = 4*d(m) + 5*o(m). Determine t(3).
-20
Let z(p) = 2*p**2 + 25*p - 5. Let n be z(-13). Suppose 5*v - 12*a + 43 = -n*a, 3*v + 4*a = -13. Let d(i) = -i - 1. What is d(v)?
6
Let q(z) be the third derivative of 10*z - 1/12*z**4 - 1/60*z**5 + 2*z**2 + 0 - 1/3*z**3. Calculate q(-4).
-10
Let n(g) be the second derivative of g**7/2520 + g**6/360 - g**5/120 + 7*g**4/12 - 2*g. Let w(z) be the third derivative of n(z). Calculate w(1).
2
Let h(k) = 16*k. Let i = -824 + 823. What is h(i)?
-16
Suppose 0 = 4*n - 5*m + 24 - 7, 2*m - 8 = n. Suppose -n*b = -b - 6. Suppose w + b*w = 14. Let k(d) = -d**2 - 2*d + 1. Determine k(w).
-7
Let g be -2*-2*15/(-12). Let u(y) = y**2 - 2*y**2 + 3*y - 8 + 7*y**3 - 2*y. Let n(f) = 6*f**3 - f**2 + f - 7. Let d(s) = g*u(s) + 6*n(s). What is d(0)?
-2
Let c(y) be the third derivative of 0 + 1/6*y**3 + 0*y + 0*y**4 - 1/120*y**6 + 2*y**2 + 0*y**5. Determine c(1).
0
Let s(z) be the second derivative of 6*z + 0 - z**2 + 1/12*z**4 - 1/3*z**3. Suppose -g = -2*g + 4. What is s(g)?
6
Let d(o) = 36*o + o**2 + 36*o - 104*o + 13 + 44*o. Calculate d(-10).
-7
Let x(l) be the second derivative of -l**3/6 + 15*l**2/2 - 16*l. Let o be x(17). Let k(c) be the second derivative of c**4/12 + 2*c. What is k(o)?
4
Let n = 182 + -186. Let m(p) be the first derivative of -p**4/4 - 5*p**3/3 - 3*p**2/2 - 4*p - 1. Determine m(n).
-8
Let g(i) = 3*i**2. Let m be g(1). Let z(x) = x**m + 0*x**2 + 4*x**2 + x - 2*x**2 + 2. Let s(c) = -c**3 - 15*c**2 + 33*c - 20. Let n be s(-17). Give z(n).
-10
Let a(q) be the second derivative of q**3/6 - 21*q**2/2 - 21*q + 5. Determine a(3).
-18
Suppose 0 = 8*x - 36 - 4. Let u be (-2 + 1)*(-5 + -2). Let v(j) = u - 2*j - 1 + j. Calculate v(x).
1
Let u(b) be the second derivative of -b**3 + b**2 + 167*b. Determine u(6).
-34
Suppose 0 = 47*p - 32 - 297. Let z(k) = 8*k**2 - 11*k + 4*k - 3*k**3 + 2*k**3. Give z(p).
0
Let o(s) = -s**2. Suppose 0 = -85*i + 84*i - 2. Let a(y) = 4*y**2 + y - 4. Let h(l) = i*o(l) - a(l). Give h(-3).
-11
Let v(k) = 7 + k**3 - 10 + 21 - 3 - k**2. Determine v(0).
15
Suppose 0 = 4*t, 3*r - 5*t + 129 = -2*t. Let y = 48 + r. Let z(x) = -2*x - 4. What is z(y)?
-14
Let p be 2/((-6)/(-27)) + -1. Suppose -4*r + p = -0. Let b be r*((5 - 4) + -2). Let a(m) = 2*m**2 + m - 1. What is a(b)?
5
Let f be (-6)/8 - (-1)/(-4). Let a(x) = -1. Let w be 48/6 - 2*2. Let q(u) = -u - 4. Let s(y) = f*q(y) + w*a(y). Determine s(-4).
-4
Let b = -471 + 471. Let d(c) = c**3 - 15. Give d(b).
-15
Suppose m - 2*i + 1 = -2*m, 2*m + i - 11 = 0. Suppose -2*u = -x + 6, x - 4*x + 12 = -m*u. Let j(h) = -2*h - 2. Give j(x).
-6
Let g(p) = -6*p**3 + p**2 + p + 1. Let x(j) = -3*j**2 - 6*j + 26. Let u be x(-4). Give g(u).
-41
Suppose 2*t = h - 3, -t = 1 + 1. Let f be (-1*(2 - 2))/h. Let c(x) = x**2 - 7*x + 6. Let z(s) = -2*s**2 + 15*s - 11. Let n(v) = -13*c(v) - 6*z(v). Give n(f).
-12
Let j(w) = 73*w**2 - 15*w + 3 - 33*w**2 - 38*w**2 + 40*w - 5. What is j(-13)?
11
Let s(t) = t**3 + 8*t**2 - 7*t + 8. Suppose 11*z - 54 = 17*z. Give s(z).
-10
Let u(g) be the third derivative of -g**4/24 - 2*g**3/3 + 64*g**2. What is u(-5)?
1
Let x = -238 + -374. Let l be x/(-78) + (-2)/(-13). Let q(j) = -j**3 + 7*j**2 + 10*j - 10. Determine q(l).
6
Let k(l) be the first derivative of -15*l - 1/3*l**3 - 1/2*l**2 - 5. Calculate k(0).
-15
Let g(z) = 0*z**3 - z - 5 + z**3 + 43*z**2 - 22*z**2 - 17*z**2. Let q be 1 - 0/(-2) - 5. Calculate g(q).
-1
Let r = 6 - 1. Let d(i) = -1. Let h(z) = 3*z**2 - 7*z. Let o(x) = -5*d(x) + h(x). Let w(s) = 7*s**2 - 14*s + 10. Let y(b) = 5*o(b) - 2*w(b). Give y(r).
-5
Suppose 2*c + 2*o + 0*o = -6, -3*o = -4*c + 2. Let d(q) = -6*q**2 - 3*q - 3. Let h(v) = 13*v**2 + 7*v + 7. Let n(w) = -5*d(w) - 2*h(w). Give n(c).
4
Let d = 427 - 431. Let r(n) = n**3 + 4*n**2 + n + 6. Give r(d).
2
Let y(k) = -13*k. Let v(w) = -4*w - 18. Let g be v(-6). Let m(b) = -168*b. Let h(i) = g*m(i) - 77*y(i). What is h(1)?
-7
Let u be (-3 + -3)/(3/(-4)). Suppose -4*f - 34 = -5*h, 4*h = 5*h - 2*f - u. Let n(l) = -l. What is n(h)?
-6
Let t(x) be the first derivative of 2*x**3/3 - 11*x**2/2 - 7*x - 98. Determine t(8).
33
Let x(p) = p**3 - 8*p**2 + 6*p - 4. Let q(s) be the first derivative of -2*s**3 + 43*s**2/2 + 45. Let b be q(7). What is x(b)?
-11
Let t(d) = 11 - 1 - 19*d**2 + 8*d + 9*d**2 + 9*d**2. Suppose -10*x - x + 99 = 0. Give t(x).
1
Suppose 0 = 5*i + p - 16, -4*i + 5*p - 4*p = -11. Let y(a) be the third derivative of 0*a**4 + 1/20*a**5 + 0*a + 0 + 5*a**2 - 1/6*a**i. Give y(2).
11
Let g(d) = 5*d - 1. Let n be -155 + 0/4 + 2. Let x = -154 - n. Give g(x).
-6
Suppose 17*f = 15*f - 2. Let q(p) = 9*p**2 - p. What is q(f)?
10
Let u(p) = 4*p + 3. Let g(a) = -a - 1. Let x(v) = 9*g(v) + 4*u(v). Give x(-4).
-25
Let h(j) be the second derivative of j**3/6 - 11*j**2/2 - 14*j + 3. Give h(7).
-4
Let t = -50 - -53. Let s(p) = 2*p**3 + p - 1. Let h(i) = 5*i**3 - 2*i**2 + i - 2. Let a(d) = -h(d) + 2*s(d). What is a(t)?
-6
Let q be (4 + (-45)/10)*0. Let m(d) 